2 + 29*g - 9. Let q be s(-15). Suppose 2*r - 582 = -5*p, -4*r + 102 = -q*p + 7*p. What is the remainder when p is divided by 14?
6
Suppose 28498*p - 28538*p = -1240. Let v(g) = 11*g**2 - 2*g + 1. What is the remainder when v(-2) is divided by p?
18
Let s(p) = -p**2 - 4*p + 8. Let r be s(6). Suppose -83*c + 86*c = 2*y - 228, 4*c - 476 = -4*y. Let w = r + y. What is the remainder when w is divided by 11?
10
What is the remainder when 1284 is divided by (4/(40/(-46)))/(5/(-10))*5?
42
Let x(y) = -35*y - 193*y**2 + 16 + 56 + 195*y**2. Calculate the remainder when x(26) is divided by 12.
10
Let c = 3271 - 1996. What is the remainder when c is divided by 18?
15
Let q be (-68)/(-2) + 0/(-2). Let v be 18/(-10) + 400737/465. Suppose q - v = -7*x. Calculate the remainder when x is divided by 61.
57
Let z(j) = 3*j + 4. Suppose -5*n - 3*u = -n + 20, -2*u = -4*n - 20. Let w be (-15)/(n - 28/(-8)). What is the remainder when 167 is divided by z(w)?
31
Let l = 437 + -419. Suppose 3*j + g - 130 - 389 = 0, 5*j = 5*g + 845. Calculate the remainder when j is divided by l.
10
Calculate the remainder when ((-816)/15)/((-6)/105) is divided by 53.
51
Suppose -3*x = 3*h - 32 + 8, h = -5*x. Let g(t) be the third derivative of -t**4/12 + 11*t**3/2 + 38*t**2 + 3. What is the remainder when 34 is divided by g(h)?
8
Let i(w) = 101*w. Let b be i(5). Suppose -5*o - 7*k + b = -3*k, k - 205 = -2*o. Suppose 0*u = 3*u - o. Calculate the remainder when u is divided by 6.
5
Let t be (-5223)/9 - (10/(-3) - -3). Let c = 590 + t. What is the remainder when 15 is divided by c?
5
Let w(i) = i**3 + 17*i**2 + 56*i + 86. Calculate the remainder when 561 is divided by w(-7).
9
Suppose 18*d = 17*d + 1, 0 = -2*u + d - 1. Suppose -2*r + 11 = 3*n, u*n - 3*n + 4*r + 41 = 0. What is the remainder when 13 is divided by n?
6
Suppose -3*x + 4*z + 226 = 0, -146*x + 5*z = -145*x - 79. What is the remainder when x is divided by (-1)/6 - 158/(-12)?
9
Let v = 16 + -10. Suppose 2586 = v*x - 906. Suppose 57 = -7*i + x. Calculate the remainder when i is divided by 19.
18
Suppose 73 = 4*w - 11. Suppose -5*t + 3*h - 6 = 0, h - 6*h - w = 2*t. Calculate the remainder when 179 is divided by ((-31)/2 + 2)/(t/8).
35
Let s(w) be the first derivative of w**3/3 + w**2 + 24*w + 1. Let z(h) = 3*h**3 - 3*h**2 + 3*h - 3. Calculate the remainder when s(-7) is divided by z(2).
14
Suppose 4*q + 4*c = 1467 + 3021, -5*q - 2*c + 5634 = 0. What is the remainder when q is divided by 264?
74
Let i(o) = 61*o + 571. Calculate the remainder when 482 is divided by i(-7).
50
Suppose -10 = 5*u - 5*z, 2*z = 5073 - 5059. Suppose -d + 2 + 2 = 0, 2*q - 272 = -5*d. Calculate the remainder when q is divided by u.
1
Suppose 5*x = -3*g + 263, -2*x - 13 + 9 = 0. Calculate the remainder when 2553 is divided by g.
5
Let w(g) = -52*g + 325. Calculate the remainder when 1169 is divided by w(4).
116
Suppose -7630 + 2749 - 5883 = -234*h. Calculate the remainder when 150 is divided by h.
12
Let l = -70 - -76. Suppose 0 = -l*c + 221 + 253. Let z = c - 49. What is the remainder when 148 is divided by z?
28
Let m = -193 + 136. Let s = m + 71. Calculate the remainder when 16/((-4)/18*-3) is divided by s.
10
Suppose -55 = -5*w - 0 - 15. Suppose 7 = 2*d - 3, -3*r - 4*d + 398 = 0. What is the remainder when r is divided by w?
6
Let d(b) = b**2 + 56*b - 386. What is the remainder when d(-69) is divided by 510?
1
Suppose 3*v = -3*u + 60, -2*v - v - 4*u + 65 = 0. Suppose 0 = 2*m - 24*m + 49*m - 11259. What is the remainder when m is divided by v?
12
Let k = 13 + -3. Let f be (-4048)/(-272) + (-6)/(-51). Suppose -5*q - f = 0, -6*q = -3*t - q + 99. What is the remainder when t is divided by k?
8
Let h(d) = -21*d - 28*d + 8*d - 60. Let n(o) = -27*o - 40. Let x(f) = -5*h(f) + 8*n(f). Calculate the remainder when 137 is divided by x(-5).
32
Let a(q) = 2*q**2 + 80*q + 160. Calculate the remainder when 2277 is divided by a(-38).
5
Let o(h) = h**3 - 7*h**2 + 9*h - 1. Suppose 5*t + 98 = 2*m + 26, -3*m + 4*t = -129. Calculate the remainder when m is divided by o(6).
0
Suppose -1 = -5*y - 21. Let v(h) = -h**3 - 7*h**2 + 2*h - 40. What is the remainder when 13 - 0 - (-4 - y) is divided by v(-8)?
5
Suppose -833*t = -862*t + 7569. Calculate the remainder when t is divided by 7.
2
Suppose 2*y + 5*a - 71 + 280 = 0, 4*y + a + 427 = 0. Let r = -2474 - -2636. Let p = r + y. What is the remainder when p is divided by 14?
13
Suppose -d + 3*b = -181, 5*d + 5*b - 1418 = -433. What is the remainder when 666 is divided by d?
87
Let b = 94 - 94. Suppose 0 = -b*u - 5*u + 7125. What is the remainder when u is divided by 28?
25
What is the remainder when 3821 is divided by 29/(1885/3666)*(-225)/(-10)?
14
Let m = -3122 - -3765. What is the remainder when m is divided by 210?
13
Let h = -102 + 104. Suppose -h*b - b = -78. What is the remainder when b is divided by 10?
6
Let n(h) = 3*h**3 + 7*h**2 - 37*h + 39. What is the remainder when n(8) is divided by 36?
35
What is the remainder when (4/14 - (-189)/(-147))/((-1)/1367) is divided by 137?
134
Suppose 3*q + 2*l = 23, -3*q + 2*l - 6 + 25 = 0. Let u(g) = 8*g - 36. What is the remainder when 71 is divided by u(q)?
11
Let c = -239 - -247. Calculate the remainder when -219*1/c*4*-2 is divided by 75.
69
Suppose 4*b - 29*d + 32*d - 1044 = 0, -3*d = -4*b + 1044. What is the remainder when b is divided by 132?
129
Let r be (-9)/(-2) - 7/(-126)*-9. Calculate the remainder when (-1 + -1 + 3)*(149 - r) is divided by 19.
12
What is the remainder when 1561 is divided by (0 - 2)/(((-70)/(-145))/(-7))?
24
Suppose -4*g + 290 = -5*s, -5*g - 8*s + 340 = -3*s. Suppose -4*j = -5*j + g. Let a = -20078 + 20087. Calculate the remainder when j is divided by a.
7
Suppose -85*n = -71*n - 719 + 257. What is the remainder when 211 is divided by n?
13
Let t = 124 - 120. Calculate the remainder when 30 is divided by 880/200 + t/(-10).
2
Suppose -66228 - 15582 = -71*a - 11733. What is the remainder when a is divided by 109?
6
Suppose 3*t - 122 = -131. Let w be (0 - (-5 + 0))/(t/(-9)). Let d = w + 5. Calculate the remainder when 57 is divided by d.
17
Let o(i) = 120*i + 1946. Let s be ((-183)/1)/(1*-1). Suppose -4*j + 225 = -s. What is the remainder when j is divided by o(-16)?
24
Let o(j) = 75*j + 4439. What is the remainder when o(-52) is divided by 121?
55
Suppose -37*k = -689 - 12039. What is the remainder when k is divided by 16?
8
Let h = -32853 + 32916. Calculate the remainder when 7496 is divided by h.
62
Let s(z) = -2*z**2 + 26*z - 6. Let a be s(5). Suppose a*n + 9*n - 3901 = 0. Let u = 5 - -5. Calculate the remainder when n is divided by u.
7
Suppose 4*x = r - 202, 4*r + 821 = 8*r - 3*x. Calculate the remainder when r is divided by 3.
2
Suppose 32 = 18*q - 2*q. Suppose -5*k = 3*m - 87, q*m + m = -3*k + 87. What is the remainder when m is divided by 14?
1
Let u be (-1)/(69/72 + -1). Let o be (u/30)/((-1)/(-5)). Suppose 222 = o*h - 138. Calculate the remainder when h is divided by 23.
21
Let v(m) = -m**3 - 26*m**2 - 8*m - 118. Calculate the remainder when 271 is divided by v(-26).
1
Suppose 0 = 130*y - 0*y - 63960. Calculate the remainder when 1008 is divided by y.
24
Suppose 4*z + 363*d - 2124 = 360*d, 3*z - 1593 = 3*d. Calculate the remainder when z is divided by 104.
11
Suppose 0*u = u + 4*z - 581, 4*z = 4. What is the remainder when u is divided by 288?
1
Let u = -119 - -269. Suppose -u = -3*r + 129. Suppose -4*f = -f - r. Calculate the remainder when f is divided by 11.
9
Suppose -232 = -z - 3*z. Suppose -4*s = u - 0*u - z, -5*u + 311 = -s. Suppose -24 = u*r - 65*r. Calculate the remainder when 27 is divided by r.
3
Suppose 898 = 4*z + 4*w - 254, 2*w - 859 = -3*z. Suppose 7*o + 63 = 350. What is the remainder when z is divided by o?
37
Let x(y) = 3*y**2 + 5*y - 3. Let s(o) = -o**3 + 16*o**2 + 8*o + 18. Let b be s(15). Let q = b - 356. What is the remainder when x(-4) is divided by q?
4
Suppose 5*p = -2*a - 1, 3*a + 7*p - 2*p = 1. Suppose a*h = -0*h + 246. Let k = -1957 - -1988. What is the remainder when h is divided by k?
30
Suppose s - 2 = 0, -4*f = -4*s + s + 6. Calculate the remainder when 103 is divided by (108 - 72) + (-1)/(1 + f).
33
Let i(l) = 2*l - 5. Suppose 3*d = -3, 2*o - 53 = -o - 4*d. Calculate the remainder when o is divided by i(5).
4
Sup